{"id":19901,"date":"2026-03-17T17:37:56","date_gmt":"2026-03-17T17:37:56","guid":{"rendered":"https:\/\/para-mirava.ma\/?product=svr-ecran-sun-secure-spray-pocket-spf50-20ml-2"},"modified":"2026-03-17T18:45:10","modified_gmt":"2026-03-17T18:45:10","slug":"svr-ecran-sun-secure-spray-pocket-spf50-20ml-2","status":"publish","type":"product","link":"https:\/\/para-mirava.ma\/?product=svr-ecran-sun-secure-spray-pocket-spf50-20ml-2","title":{"rendered":"SVR ECRAN SUN SECURE SPRAY POCKET SPF50+ 20ML"},"content":{"rendered":"<p>Brevet1 Sun Secure : 4 ann\u00e9es de recherche pour inventer l&#8217;association filtrante id\u00e9ale qui d\u00e9livre \u00e0 la fois une tr\u00e8s haute protection solaire tout en respectant l&#8217;environnement marin.<\/p>\n<p>Disponible dans votre parapharmacie en ligne www.cotepara.ma<\/p>\n<p>SUN SECURE Spray pocket SPF50+ une tr\u00e8s haute protection solaire dans un tout nouveau format de poche encore moins encombrant qu&#8217;un t\u00e9l\u00e9phone. Le spray permet une application express et homog\u00e8ne \u00e0 emporter partout avec soi : en terrasse, en balade, en week-end au soleil, \u00e0 la mer ou \u00e0 la montagne. Sa texture lact\u00e9e et ultra-fine s&#8217;\u00e9tale tr\u00e8s facilement et laisse un fini non gras et non collant. La peau est hydrat\u00e9e. Son d\u00e9licat parfum d&#8217;\u00e9t\u00e9 donne envie d&#8217;en r\u00e9appliquer encore et encore.<\/p>\n","protected":false},"excerpt":{"rendered":"<p>Brevet1 Sun Secure : 4 ann\u00e9es de recherche pour inventer l&#8217;association filtrante id\u00e9ale qui d\u00e9livre \u00e0 la fois une tr\u00e8s haute protection solaire tout en respectant l&#8217;environnement marin. Disponible dans votre parapharmacie en ligne www.cotepara.ma SUN SECURE Spray pocket SPF50+ une tr\u00e8s haute protection solaire dans un tout nouveau format de poche encore moins encombrant [&hellip;]<\/p>\n","protected":false},"featured_media":19900,"template":"","meta":[],"product_brand":[175],"product_cat":[15,138],"product_tag":[],"class_list":{"0":"post-19901","1":"product","2":"type-product","3":"status-publish","4":"has-post-thumbnail","6":"product_brand-svr","7":"product_cat-tout","8":"product_cat-svr","9":"ts_product_brand-svr","11":"first","12":"instock","13":"sale","14":"shipping-taxable","15":"purchasable","16":"product-type-simple"},"_links":{"self":[{"href":"https:\/\/para-mirava.ma\/index.php?rest_route=\/wp\/v2\/product\/19901","targetHints":{"allow":["GET"]}}],"collection":[{"href":"https:\/\/para-mirava.ma\/index.php?rest_route=\/wp\/v2\/product"}],"about":[{"href":"https:\/\/para-mirava.ma\/index.php?rest_route=\/wp\/v2\/types\/product"}],"wp:featuredmedia":[{"embeddable":true,"href":"https:\/\/para-mirava.ma\/index.php?rest_route=\/wp\/v2\/media\/19900"}],"wp:attachment":[{"href":"https:\/\/para-mirava.ma\/index.php?rest_route=%2Fwp%2Fv2%2Fmedia&parent=19901"}],"wp:term":[{"taxonomy":"product_brand","embeddable":true,"href":"https:\/\/para-mirava.ma\/index.php?rest_route=%2Fwp%2Fv2%2Fproduct_brand&post=19901"},{"taxonomy":"product_cat","embeddable":true,"href":"https:\/\/para-mirava.ma\/index.php?rest_route=%2Fwp%2Fv2%2Fproduct_cat&post=19901"},{"taxonomy":"product_tag","embeddable":true,"href":"https:\/\/para-mirava.ma\/index.php?rest_route=%2Fwp%2Fv2%2Fproduct_tag&post=19901"}],"curies":[{"name":"wp","href":"https:\/\/api.w.org\/{rel}","templated":true}]}}