{"id":19913,"date":"2026-03-17T17:38:02","date_gmt":"2026-03-17T17:38:02","guid":{"rendered":"https:\/\/para-mirava.ma\/?product=svr-clairial-creme-spf-50-40ml-2"},"modified":"2026-03-17T18:45:09","modified_gmt":"2026-03-17T18:45:09","slug":"svr-clairial-creme-spf-50-40ml-2","status":"publish","type":"product","link":"https:\/\/para-mirava.ma\/?product=svr-clairial-creme-spf-50-40ml-2","title":{"rendered":"SVR CLAIRIAL CREME SPF 50+ 40ML"},"content":{"rendered":"<p>Pour toutes les peaux sensibles. Pour tous types de taches brunes li\u00e9es au soleil, au vieillissement cutan\u00e9, \u00e0 la grossesse, au teint irr\u00e9gulier, aux marques d&#8217;imperfections. Visage, d\u00e9collet\u00e9, mains. Adultes.<\/p>\n<p>Disponible dans votre parapharmacie en ligne www.cotepara.ma<\/p>\n<p>La nouvelle formule 2-en-1 de Clairial Cr\u00e8me SPF50+ associe un complexe d\u00e9pigmentant pour corriger et pr\u00e9venir tous les types de taches brunes, \u00e0 une tr\u00e8s haute protection solaire large spectre contre les UVB, renforc\u00e9e contre les UVA et un complexe anti-oxydants contre la lumi\u00e8re visible et les infrarouges.<\/p>\n","protected":false},"excerpt":{"rendered":"<p>Pour toutes les peaux sensibles. Pour tous types de taches brunes li\u00e9es au soleil, au vieillissement cutan\u00e9, \u00e0 la grossesse, au teint irr\u00e9gulier, aux marques d&#8217;imperfections. Visage, d\u00e9collet\u00e9, mains. Adultes. Disponible dans votre parapharmacie en ligne www.cotepara.ma La nouvelle formule 2-en-1 de Clairial Cr\u00e8me SPF50+ associe un complexe d\u00e9pigmentant pour corriger et pr\u00e9venir tous les [&hellip;]<\/p>\n","protected":false},"featured_media":19912,"template":"","meta":[],"product_brand":[175],"product_cat":[15,138],"product_tag":[],"class_list":{"0":"post-19913","1":"product","2":"type-product","3":"status-publish","4":"has-post-thumbnail","6":"product_brand-svr","7":"product_cat-tout","8":"product_cat-svr","9":"ts_product_brand-svr","11":"first","12":"instock","13":"sale","14":"shipping-taxable","15":"purchasable","16":"product-type-simple"},"_links":{"self":[{"href":"https:\/\/para-mirava.ma\/index.php?rest_route=\/wp\/v2\/product\/19913","targetHints":{"allow":["GET"]}}],"collection":[{"href":"https:\/\/para-mirava.ma\/index.php?rest_route=\/wp\/v2\/product"}],"about":[{"href":"https:\/\/para-mirava.ma\/index.php?rest_route=\/wp\/v2\/types\/product"}],"wp:featuredmedia":[{"embeddable":true,"href":"https:\/\/para-mirava.ma\/index.php?rest_route=\/wp\/v2\/media\/19912"}],"wp:attachment":[{"href":"https:\/\/para-mirava.ma\/index.php?rest_route=%2Fwp%2Fv2%2Fmedia&parent=19913"}],"wp:term":[{"taxonomy":"product_brand","embeddable":true,"href":"https:\/\/para-mirava.ma\/index.php?rest_route=%2Fwp%2Fv2%2Fproduct_brand&post=19913"},{"taxonomy":"product_cat","embeddable":true,"href":"https:\/\/para-mirava.ma\/index.php?rest_route=%2Fwp%2Fv2%2Fproduct_cat&post=19913"},{"taxonomy":"product_tag","embeddable":true,"href":"https:\/\/para-mirava.ma\/index.php?rest_route=%2Fwp%2Fv2%2Fproduct_tag&post=19913"}],"curies":[{"name":"wp","href":"https:\/\/api.w.org\/{rel}","templated":true}]}}