{"id":19945,"date":"2026-03-17T17:38:16","date_gmt":"2026-03-17T17:38:16","guid":{"rendered":"https:\/\/para-mirava.ma\/?product=svr-ecran-sun-secure-brume-spf50-200ml-2"},"modified":"2026-03-17T19:00:03","modified_gmt":"2026-03-17T19:00:03","slug":"svr-ecran-sun-secure-brume-spf50-200ml-2","status":"publish","type":"product","link":"https:\/\/para-mirava.ma\/?product=svr-ecran-sun-secure-brume-spf50-200ml-2","title":{"rendered":"SVR ECRAN SUN SECURE BRUME SPF50 200ML"},"content":{"rendered":"<p>SUN SECURE Brume SPF50 offre une haute protection dermatologique int\u00e9grant cette nouvelle association de filtre brevet\u00e9e respectueuse de l&#8217;environnement marin.<\/p>\n<p>Une texture l\u00e9g\u00e8re et ultra-fine pour une application facile et rapide. Imperceptible au toucher, elle laisse un fini totalement invisible, non gras et non collant. Sa fraicheur et son d\u00e9licat parfum d&#8217;\u00e9t\u00e9 donnent envie d&#8217;en r\u00e9appliquer encore et encore.<\/p>\n<p>SVR ECRAN SUN SECURE BRUME SPF50 200ML est disponible dans votre Parapharmacie en ligne C\u00f4t\u00e9 para \u00e0 Prix discount, livraison Partout Au Maroc.<\/p>\n","protected":false},"excerpt":{"rendered":"<p>SUN SECURE Brume SPF50 offre une haute protection dermatologique int\u00e9grant cette nouvelle association de filtre brevet\u00e9e respectueuse de l&#8217;environnement marin. Une texture l\u00e9g\u00e8re et ultra-fine pour une application facile et rapide. Imperceptible au toucher, elle laisse un fini totalement invisible, non gras et non collant. Sa fraicheur et son d\u00e9licat parfum d&#8217;\u00e9t\u00e9 donnent envie d&#8217;en [&hellip;]<\/p>\n","protected":false},"featured_media":19944,"template":"","meta":[],"product_brand":[175],"product_cat":[15,138],"product_tag":[],"class_list":{"0":"post-19945","1":"product","2":"type-product","3":"status-publish","4":"has-post-thumbnail","6":"product_brand-svr","7":"product_cat-tout","8":"product_cat-svr","9":"ts_product_brand-svr","11":"first","12":"instock","13":"sale","14":"shipping-taxable","15":"purchasable","16":"product-type-simple"},"_links":{"self":[{"href":"https:\/\/para-mirava.ma\/index.php?rest_route=\/wp\/v2\/product\/19945","targetHints":{"allow":["GET"]}}],"collection":[{"href":"https:\/\/para-mirava.ma\/index.php?rest_route=\/wp\/v2\/product"}],"about":[{"href":"https:\/\/para-mirava.ma\/index.php?rest_route=\/wp\/v2\/types\/product"}],"wp:featuredmedia":[{"embeddable":true,"href":"https:\/\/para-mirava.ma\/index.php?rest_route=\/wp\/v2\/media\/19944"}],"wp:attachment":[{"href":"https:\/\/para-mirava.ma\/index.php?rest_route=%2Fwp%2Fv2%2Fmedia&parent=19945"}],"wp:term":[{"taxonomy":"product_brand","embeddable":true,"href":"https:\/\/para-mirava.ma\/index.php?rest_route=%2Fwp%2Fv2%2Fproduct_brand&post=19945"},{"taxonomy":"product_cat","embeddable":true,"href":"https:\/\/para-mirava.ma\/index.php?rest_route=%2Fwp%2Fv2%2Fproduct_cat&post=19945"},{"taxonomy":"product_tag","embeddable":true,"href":"https:\/\/para-mirava.ma\/index.php?rest_route=%2Fwp%2Fv2%2Fproduct_tag&post=19945"}],"curies":[{"name":"wp","href":"https:\/\/api.w.org\/{rel}","templated":true}]}}