{"id":20130,"date":"2026-03-17T17:57:38","date_gmt":"2026-03-17T17:57:38","guid":{"rendered":"https:\/\/para-mirava.ma\/?product=roche-posay-cicaplast-levres-b5-7-5ml-2"},"modified":"2026-03-17T18:59:51","modified_gmt":"2026-03-17T18:59:51","slug":"roche-posay-cicaplast-levres-b5-7-5ml-2","status":"publish","type":"product","link":"https:\/\/para-mirava.ma\/?product=roche-posay-cicaplast-levres-b5-7-5ml-2","title":{"rendered":"ROCHE POSAY CICAPLAST LEVRES B5 7.5ML"},"content":{"rendered":"<p>BAUME BARRI\u00c8RE R\u00c9PARATEUR<\/p>\n<p>L\u00e8vres et zones gerc\u00e9es, irrit\u00e9es, fendill\u00e9es.<\/p>\n<p>Enfants et adultes.<\/p>\n<p>Appliquer aussi souvent que n\u00e9cessaire.<\/p>\n<p>Texture-barri\u00e8re nouvelle g\u00e9n\u00e9ration:<\/p>\n<p>Sa texture barri\u00e8re isole contre les agressions, r\u00e9pare et apaise imm\u00e9diatement.<\/p>\n<p>INNOVATION MP-lipides, pour aider \u00e0 reconstruire la barri\u00e8re cutan\u00e9e dans son ensemble, associ\u00e9s au Panth\u00e9nol 5% pour un apaisement imm\u00e9diat.<\/p>\n<p>Test\u00e9e par les l\u00e8vres les plus fragiles&#8230;<\/p>\n<p>Test\u00e9 sur les l\u00e8vres de sujets sous isotr\u00e9tino\u00efne, un traitement contre l&#8217;acn\u00e9 particuli\u00e8rement ass\u00e9chant, CICAPLAST L\u00e8vres a montr\u00e9 sa bonne tol\u00e9rance et son efficacit\u00e9 pour:<\/p>\n<p>\u25cf Limiter la d\u00e9shydratation \u00e0 court terme<\/p>\n<p>\u25cf Favoriser la reconstruction de la barri\u00e8re cutan\u00e9e<\/p>\n<p>\u25cf Favoriser l&#8217;apaisement de fa\u00e7on imm\u00e9diate<\/p>\n<p>\u25cf Am\u00e9liorer durablement le confort cutan\u00e9<\/p>\n<p>Disponible dans votre parapharmacie en ligne www.cotepara.ma<\/p>\n<p>Protocole : Test d&#8217;usage sous contr\u00f4le dermatologique, sur 32 sujets sous traitement isotretinoine. Dur\u00e9e 4 semaines.<\/p>\n<p>Ce baume barri\u00e8re r\u00e9parateur soulage, prot\u00e8ge et reconstruit l&#8217;\u00e9piderme des l\u00e8vres et zones gerc\u00e9es, irrit\u00e9es, fendill\u00e9es, gr\u00e2ce \u00e0 sa formule concentr\u00e9e \u00e0 5% de Panth\u00e9nol apaisant et r\u00e9parateur, et enrichie en MP-Lipides, actifs relipidant de r\u00e9f\u00e9rence, dans une formule filmog\u00e8ne in\u00e9dite ultra-confortable et protectrice.<\/p>\n","protected":false},"excerpt":{"rendered":"<p>BAUME BARRI\u00c8RE R\u00c9PARATEUR L\u00e8vres et zones gerc\u00e9es, irrit\u00e9es, fendill\u00e9es. Enfants et adultes. Appliquer aussi souvent que n\u00e9cessaire. Texture-barri\u00e8re nouvelle g\u00e9n\u00e9ration: Sa texture barri\u00e8re isole contre les agressions, r\u00e9pare et apaise imm\u00e9diatement. INNOVATION MP-lipides, pour aider \u00e0 reconstruire la barri\u00e8re cutan\u00e9e dans son ensemble, associ\u00e9s au Panth\u00e9nol 5% pour un apaisement imm\u00e9diat. Test\u00e9e par les l\u00e8vres [&hellip;]<\/p>\n","protected":false},"featured_media":20015,"template":"","meta":[],"product_brand":[174],"product_cat":[15,133],"product_tag":[],"class_list":{"0":"post-20130","1":"product","2":"type-product","3":"status-publish","4":"has-post-thumbnail","6":"product_brand-la-roche-posay","7":"product_cat-tout","8":"product_cat-la-roche-posay","9":"ts_product_brand-la-roche-posay","11":"first","12":"instock","13":"sale","14":"shipping-taxable","15":"purchasable","16":"product-type-simple"},"_links":{"self":[{"href":"https:\/\/para-mirava.ma\/index.php?rest_route=\/wp\/v2\/product\/20130","targetHints":{"allow":["GET"]}}],"collection":[{"href":"https:\/\/para-mirava.ma\/index.php?rest_route=\/wp\/v2\/product"}],"about":[{"href":"https:\/\/para-mirava.ma\/index.php?rest_route=\/wp\/v2\/types\/product"}],"wp:featuredmedia":[{"embeddable":true,"href":"https:\/\/para-mirava.ma\/index.php?rest_route=\/wp\/v2\/media\/20015"}],"wp:attachment":[{"href":"https:\/\/para-mirava.ma\/index.php?rest_route=%2Fwp%2Fv2%2Fmedia&parent=20130"}],"wp:term":[{"taxonomy":"product_brand","embeddable":true,"href":"https:\/\/para-mirava.ma\/index.php?rest_route=%2Fwp%2Fv2%2Fproduct_brand&post=20130"},{"taxonomy":"product_cat","embeddable":true,"href":"https:\/\/para-mirava.ma\/index.php?rest_route=%2Fwp%2Fv2%2Fproduct_cat&post=20130"},{"taxonomy":"product_tag","embeddable":true,"href":"https:\/\/para-mirava.ma\/index.php?rest_route=%2Fwp%2Fv2%2Fproduct_tag&post=20130"}],"curies":[{"name":"wp","href":"https:\/\/api.w.org\/{rel}","templated":true}]}}