{"id":20160,"date":"2026-03-17T17:57:45","date_gmt":"2026-03-17T17:57:45","guid":{"rendered":"https:\/\/para-mirava.ma\/?product=roche-posay-toleriane-sensitive-riche-40ml-2"},"modified":"2026-03-17T18:59:47","modified_gmt":"2026-03-17T18:59:47","slug":"roche-posay-toleriane-sensitive-riche-40ml-2","status":"publish","type":"product","link":"https:\/\/para-mirava.ma\/?product=roche-posay-toleriane-sensitive-riche-40ml-2","title":{"rendered":"ROCHE POSAY TOLERIANE SENSITIVE RICHE 40ML"},"content":{"rendered":"<p>La nouvelle hydratation dermatologique, si s\u00fbre qu&#8217;elle convient aux b\u00e9b\u00e9s.<\/p>\n<p>Disponible dans votre parapharmacie en ligne www.cotepara.ma<\/p>\n<p>Pour les peaux sensibles \u00e0 tendance s\u00e8che \u00e0 tr\u00e8s s\u00e8che. Rougeurs occasionnelles, tiraillements, picotements, s\u00e9cheresse. Convient au b\u00e9b\u00e9s.<\/p>\n<p>TOLERIANE SENSITIVE :<\/p>\n<p>&#8212; Hydrate pendant 48 heures. Prot\u00e8ge la barri\u00e8re cutan\u00e9e au quotidien.<\/p>\n<p>&#8212; Apaise et r\u00e9duit les irritations cutan\u00e9es. Diminue les sensations de tiraillements, de picotements, de s\u00e9cheresse et les rougeurs occasionnelles.<\/p>\n","protected":false},"excerpt":{"rendered":"<p>La nouvelle hydratation dermatologique, si s\u00fbre qu&#8217;elle convient aux b\u00e9b\u00e9s. Disponible dans votre parapharmacie en ligne www.cotepara.ma Pour les peaux sensibles \u00e0 tendance s\u00e8che \u00e0 tr\u00e8s s\u00e8che. Rougeurs occasionnelles, tiraillements, picotements, s\u00e9cheresse. Convient au b\u00e9b\u00e9s. TOLERIANE SENSITIVE : &#8212; Hydrate pendant 48 heures. Prot\u00e8ge la barri\u00e8re cutan\u00e9e au quotidien. &#8212; Apaise et r\u00e9duit les irritations [&hellip;]<\/p>\n","protected":false},"featured_media":20075,"template":"","meta":[],"product_brand":[174],"product_cat":[15,133],"product_tag":[],"class_list":{"0":"post-20160","1":"product","2":"type-product","3":"status-publish","4":"has-post-thumbnail","6":"product_brand-la-roche-posay","7":"product_cat-tout","8":"product_cat-la-roche-posay","9":"ts_product_brand-la-roche-posay","11":"first","12":"instock","13":"sale","14":"shipping-taxable","15":"purchasable","16":"product-type-simple"},"_links":{"self":[{"href":"https:\/\/para-mirava.ma\/index.php?rest_route=\/wp\/v2\/product\/20160","targetHints":{"allow":["GET"]}}],"collection":[{"href":"https:\/\/para-mirava.ma\/index.php?rest_route=\/wp\/v2\/product"}],"about":[{"href":"https:\/\/para-mirava.ma\/index.php?rest_route=\/wp\/v2\/types\/product"}],"wp:featuredmedia":[{"embeddable":true,"href":"https:\/\/para-mirava.ma\/index.php?rest_route=\/wp\/v2\/media\/20075"}],"wp:attachment":[{"href":"https:\/\/para-mirava.ma\/index.php?rest_route=%2Fwp%2Fv2%2Fmedia&parent=20160"}],"wp:term":[{"taxonomy":"product_brand","embeddable":true,"href":"https:\/\/para-mirava.ma\/index.php?rest_route=%2Fwp%2Fv2%2Fproduct_brand&post=20160"},{"taxonomy":"product_cat","embeddable":true,"href":"https:\/\/para-mirava.ma\/index.php?rest_route=%2Fwp%2Fv2%2Fproduct_cat&post=20160"},{"taxonomy":"product_tag","embeddable":true,"href":"https:\/\/para-mirava.ma\/index.php?rest_route=%2Fwp%2Fv2%2Fproduct_tag&post=20160"}],"curies":[{"name":"wp","href":"https:\/\/api.w.org\/{rel}","templated":true}]}}