{"id":20163,"date":"2026-03-17T17:57:45","date_gmt":"2026-03-17T17:57:45","guid":{"rendered":"https:\/\/para-mirava.ma\/?product=roche-posay-mascara-multi-dimensions-noir-7-2ml-2"},"modified":"2026-03-17T18:59:47","modified_gmt":"2026-03-17T18:59:47","slug":"roche-posay-mascara-multi-dimensions-noir-7-2ml-2","status":"publish","type":"product","link":"https:\/\/para-mirava.ma\/?product=roche-posay-mascara-multi-dimensions-noir-7-2ml-2","title":{"rendered":"ROCHE POSAY MASCARA MULTI DIMENSIONS NOIR 7.2ML"},"content":{"rendered":"<p>TOLERIANE Mascara allonge et densifie les cils pour un regard intense.<\/p>\n<p>Disponible dans votre parapharmacie en ligne www.cotepara.ma<\/p>\n<p>\u2022 Besoin : Yeux sensibles et porteurs de lentilles.<\/p>\n<p>\u2022 Ingr\u00e9dients Cl\u00e9s : Cire de Carnauba pour prot\u00e9ger les cils | C\u00e9ramides pour stimuler la croissance des cils | Mica pour apporter de la couleur sans agresser.<\/p>\n<p>\u2022 S\u00e9curit\u00e9 : Hypoallerg\u00e9nique.<\/p>\n<p>\u2022 Utilisation : Placer la brosse \u00e0 la racine des cils, la faire glisser le long de la frange des cils pour bien les s\u00e9parer et en \u00e9tirer la couleur jusqu&#8217;aux pointes.<\/p>\n","protected":false},"excerpt":{"rendered":"<p>TOLERIANE Mascara allonge et densifie les cils pour un regard intense. Disponible dans votre parapharmacie en ligne www.cotepara.ma \u2022 Besoin : Yeux sensibles et porteurs de lentilles. \u2022 Ingr\u00e9dients Cl\u00e9s : Cire de Carnauba pour prot\u00e9ger les cils | C\u00e9ramides pour stimuler la croissance des cils | Mica pour apporter de la couleur sans agresser. [&hellip;]<\/p>\n","protected":false},"featured_media":20081,"template":"","meta":[],"product_brand":[174],"product_cat":[15,133],"product_tag":[],"class_list":{"0":"post-20163","1":"product","2":"type-product","3":"status-publish","4":"has-post-thumbnail","6":"product_brand-la-roche-posay","7":"product_cat-tout","8":"product_cat-la-roche-posay","9":"ts_product_brand-la-roche-posay","11":"first","12":"instock","13":"sale","14":"shipping-taxable","15":"purchasable","16":"product-type-simple"},"_links":{"self":[{"href":"https:\/\/para-mirava.ma\/index.php?rest_route=\/wp\/v2\/product\/20163","targetHints":{"allow":["GET"]}}],"collection":[{"href":"https:\/\/para-mirava.ma\/index.php?rest_route=\/wp\/v2\/product"}],"about":[{"href":"https:\/\/para-mirava.ma\/index.php?rest_route=\/wp\/v2\/types\/product"}],"wp:featuredmedia":[{"embeddable":true,"href":"https:\/\/para-mirava.ma\/index.php?rest_route=\/wp\/v2\/media\/20081"}],"wp:attachment":[{"href":"https:\/\/para-mirava.ma\/index.php?rest_route=%2Fwp%2Fv2%2Fmedia&parent=20163"}],"wp:term":[{"taxonomy":"product_brand","embeddable":true,"href":"https:\/\/para-mirava.ma\/index.php?rest_route=%2Fwp%2Fv2%2Fproduct_brand&post=20163"},{"taxonomy":"product_cat","embeddable":true,"href":"https:\/\/para-mirava.ma\/index.php?rest_route=%2Fwp%2Fv2%2Fproduct_cat&post=20163"},{"taxonomy":"product_tag","embeddable":true,"href":"https:\/\/para-mirava.ma\/index.php?rest_route=%2Fwp%2Fv2%2Fproduct_tag&post=20163"}],"curies":[{"name":"wp","href":"https:\/\/api.w.org\/{rel}","templated":true}]}}