{"id":20165,"date":"2026-03-17T17:57:46","date_gmt":"2026-03-17T17:57:46","guid":{"rendered":"https:\/\/para-mirava.ma\/?product=roche-posay-retinol-b3-serum-2"},"modified":"2026-03-17T18:59:46","modified_gmt":"2026-03-17T18:59:46","slug":"roche-posay-retinol-b3-serum-2","status":"publish","type":"product","link":"https:\/\/para-mirava.ma\/?product=roche-posay-retinol-b3-serum-2","title":{"rendered":"ROCHE POSAY RETINOL B3 SERUM"},"content":{"rendered":"<p>S\u00e9rum anti-rides r\u00e9g\u00e9n\u00e9rant resurfa\u00e7ant concentr\u00e9 en R\u00e9tinol [Pur + \u00e0 Lib\u00e9ration Graduelle] et en Vitamine B3.<\/p>\n<p>B\u00c9N\u00c9FICES<br \/>\nR\u00e9tinol B3 est un s\u00e9rum anti-rides r\u00e9g\u00e9n\u00e9rant resurfa\u00e7ant, qui allie le pouvoir anti-\u00e2ge du R\u00e9tinol [Pur + \u00e0 Lib\u00e9ration Graduelle] \u00e0 la fonction r\u00e9paratrice de la Vitamine B3. Con\u00e7u pour tous les types de peaux, ce s\u00e9rum visage au r\u00e9tinol corrige les signes visibles de l&#8217;\u00e2ge les plus prononc\u00e9s (rides, taches pigmentaires, perte de fermet\u00e9&#8230;).<\/p>\n<p>Disponible dans votre parapharmacie en ligne www.cotepara.ma<\/p>\n<p>INDICATIONS<br \/>\nRides profondes. Teint irr\u00e9gulier. Photovieillissement (signes de l&#8217;\u00e2ge provoqu\u00e9s par l&#8217;exposition au soleil).<\/p>\n","protected":false},"excerpt":{"rendered":"<p>S\u00e9rum anti-rides r\u00e9g\u00e9n\u00e9rant resurfa\u00e7ant concentr\u00e9 en R\u00e9tinol [Pur + \u00e0 Lib\u00e9ration Graduelle] et en Vitamine B3. B\u00c9N\u00c9FICES R\u00e9tinol B3 est un s\u00e9rum anti-rides r\u00e9g\u00e9n\u00e9rant resurfa\u00e7ant, qui allie le pouvoir anti-\u00e2ge du R\u00e9tinol [Pur + \u00e0 Lib\u00e9ration Graduelle] \u00e0 la fonction r\u00e9paratrice de la Vitamine B3. Con\u00e7u pour tous les types de peaux, ce s\u00e9rum visage [&hellip;]<\/p>\n","protected":false},"featured_media":20085,"template":"","meta":[],"product_brand":[174],"product_cat":[15,133],"product_tag":[],"class_list":{"0":"post-20165","1":"product","2":"type-product","3":"status-publish","4":"has-post-thumbnail","6":"product_brand-la-roche-posay","7":"product_cat-tout","8":"product_cat-la-roche-posay","9":"ts_product_brand-la-roche-posay","11":"first","12":"instock","13":"sale","14":"shipping-taxable","15":"purchasable","16":"product-type-simple"},"_links":{"self":[{"href":"https:\/\/para-mirava.ma\/index.php?rest_route=\/wp\/v2\/product\/20165","targetHints":{"allow":["GET"]}}],"collection":[{"href":"https:\/\/para-mirava.ma\/index.php?rest_route=\/wp\/v2\/product"}],"about":[{"href":"https:\/\/para-mirava.ma\/index.php?rest_route=\/wp\/v2\/types\/product"}],"wp:featuredmedia":[{"embeddable":true,"href":"https:\/\/para-mirava.ma\/index.php?rest_route=\/wp\/v2\/media\/20085"}],"wp:attachment":[{"href":"https:\/\/para-mirava.ma\/index.php?rest_route=%2Fwp%2Fv2%2Fmedia&parent=20165"}],"wp:term":[{"taxonomy":"product_brand","embeddable":true,"href":"https:\/\/para-mirava.ma\/index.php?rest_route=%2Fwp%2Fv2%2Fproduct_brand&post=20165"},{"taxonomy":"product_cat","embeddable":true,"href":"https:\/\/para-mirava.ma\/index.php?rest_route=%2Fwp%2Fv2%2Fproduct_cat&post=20165"},{"taxonomy":"product_tag","embeddable":true,"href":"https:\/\/para-mirava.ma\/index.php?rest_route=%2Fwp%2Fv2%2Fproduct_tag&post=20165"}],"curies":[{"name":"wp","href":"https:\/\/api.w.org\/{rel}","templated":true}]}}