{"id":20170,"date":"2026-03-17T17:57:47","date_gmt":"2026-03-17T17:57:47","guid":{"rendered":"https:\/\/para-mirava.ma\/?product=roche-posay-effaclar-gel-purifiant-micro-peelinig-400ml-2"},"modified":"2026-03-17T18:59:46","modified_gmt":"2026-03-17T18:59:46","slug":"roche-posay-effaclar-gel-purifiant-micro-peelinig-400ml-2","status":"publish","type":"product","link":"https:\/\/para-mirava.ma\/?product=roche-posay-effaclar-gel-purifiant-micro-peelinig-400ml-2","title":{"rendered":"ROCHE POSAY EFFACLAR GEL PURIFIANT MICRO PEELINIG 400ML"},"content":{"rendered":"<p>Gel nettoyant corps anti-imperfections \u00e0 l&#8217;acide salicylique.<\/p>\n<p>B\u00c9N\u00c9FICES<br \/>\nNettoyant corps quotidien anti-imperfections concentr\u00e9 en acide salicylique.<\/p>\n<p>Probl\u00e8mes cibl\u00e9s :<br \/>\nExc\u00e8s de s\u00e9bum<br \/>\nImperfections<br \/>\nt\u00e2ches et marques<\/p>\n<p>Type de peau :<br \/>\nPeaux grasses \u00e0 tendance acn\u00e9ique<\/p>\n<p>Gel nettoyant corps pour le buste, les \u00e9paules et le dos des peaux \u00e0 tendance acn\u00e9ique.<\/p>\n<p>Gr\u00e2ce \u00e0 des agents exfoliants s\u00e9lectionn\u00e9s qui laissent la texture de la peau plus lisse, le gel micro-peeling EFFACLAR purifie intens\u00e9ment les peaux grasses, d\u00e9sobstrue les pores en profondeur et \u00e9limine l&#8217;exc\u00e8s de s\u00e9bum.<\/p>\n<p>Il aide \u00e0 r\u00e9duire progressivement et durablement les imperfections persistantes, y compris les taches et marques, et \u00e0 pr\u00e9venir leur r\u00e9apparition.<\/p>\n<p>1\/ EXFOLIE ET LISSE LA PEAU<br \/>\nSa formule \u00e0 partir de LHA permet de micro-exfolier la peau et de ress\u00e9rer les pores.<\/p>\n<p>2\/ PURIFIE LES IMPERFECTIONS<br \/>\nGr\u00e2ce \u00e0 l&#8217;Acide Salicylique qu&#8217;il contient, ce gel nettoyant anti-imperfections purifie intens\u00e9ment les imperfections du corps. Il d\u00e9sobstrue les pores en profondeur et \u00e9limine l&#8217;exc\u00e8s de s\u00e9bum du buste, du dos et des \u00e9paules.<\/p>\n<p>\u00c9valuation sur des sujets ayant une peau \u00e0 tendance acn\u00e9ique* :<br \/>\n98% La peau est plus lisse<br \/>\n98% Le produit ne laisse pas la peau grasse<br \/>\n99% Le parfum du produit est agr\u00e9able<\/p>\n<p>Disponible dans votre parapharmacie en ligne www.cotepara.ma<\/p>\n<p>Efficacit\u00e9 anti-r\u00e9cidive prouv\u00e9e 2 semaines apr\u00e8s la fin de l&#8217;application du produit sur les imperfections et les marques.<\/p>\n<p>\u00c2ge :<br \/>\n\u00c0 partir de 12 ans<\/p>\n<p>INDICATION<br \/>\nPeaux grasses et \u00e0 tendance acn\u00e9ique.<br \/>\nBuste, \u00e9paule et dos.<\/p>\n","protected":false},"excerpt":{"rendered":"<p>Gel nettoyant corps anti-imperfections \u00e0 l&#8217;acide salicylique. B\u00c9N\u00c9FICES Nettoyant corps quotidien anti-imperfections concentr\u00e9 en acide salicylique. Probl\u00e8mes cibl\u00e9s : Exc\u00e8s de s\u00e9bum Imperfections t\u00e2ches et marques Type de peau : Peaux grasses \u00e0 tendance acn\u00e9ique Gel nettoyant corps pour le buste, les \u00e9paules et le dos des peaux \u00e0 tendance acn\u00e9ique. Gr\u00e2ce \u00e0 des agents [&hellip;]<\/p>\n","protected":false},"featured_media":20095,"template":"","meta":[],"product_brand":[174],"product_cat":[15,133],"product_tag":[],"class_list":{"0":"post-20170","1":"product","2":"type-product","3":"status-publish","4":"has-post-thumbnail","6":"product_brand-la-roche-posay","7":"product_cat-tout","8":"product_cat-la-roche-posay","9":"ts_product_brand-la-roche-posay","11":"first","12":"instock","13":"sale","14":"shipping-taxable","15":"purchasable","16":"product-type-simple"},"_links":{"self":[{"href":"https:\/\/para-mirava.ma\/index.php?rest_route=\/wp\/v2\/product\/20170","targetHints":{"allow":["GET"]}}],"collection":[{"href":"https:\/\/para-mirava.ma\/index.php?rest_route=\/wp\/v2\/product"}],"about":[{"href":"https:\/\/para-mirava.ma\/index.php?rest_route=\/wp\/v2\/types\/product"}],"wp:featuredmedia":[{"embeddable":true,"href":"https:\/\/para-mirava.ma\/index.php?rest_route=\/wp\/v2\/media\/20095"}],"wp:attachment":[{"href":"https:\/\/para-mirava.ma\/index.php?rest_route=%2Fwp%2Fv2%2Fmedia&parent=20170"}],"wp:term":[{"taxonomy":"product_brand","embeddable":true,"href":"https:\/\/para-mirava.ma\/index.php?rest_route=%2Fwp%2Fv2%2Fproduct_brand&post=20170"},{"taxonomy":"product_cat","embeddable":true,"href":"https:\/\/para-mirava.ma\/index.php?rest_route=%2Fwp%2Fv2%2Fproduct_cat&post=20170"},{"taxonomy":"product_tag","embeddable":true,"href":"https:\/\/para-mirava.ma\/index.php?rest_route=%2Fwp%2Fv2%2Fproduct_tag&post=20170"}],"curies":[{"name":"wp","href":"https:\/\/api.w.org\/{rel}","templated":true}]}}