{"id":20172,"date":"2026-03-17T17:57:47","date_gmt":"2026-03-17T17:57:47","guid":{"rendered":"https:\/\/para-mirava.ma\/?product=roche-posay-hydraphase-ha-riche-50ml-2"},"modified":"2026-03-17T18:59:46","modified_gmt":"2026-03-17T18:59:46","slug":"roche-posay-hydraphase-ha-riche-50ml-2","status":"publish","type":"product","link":"https:\/\/para-mirava.ma\/?product=roche-posay-hydraphase-ha-riche-50ml-2","title":{"rendered":"ROCHE POSAY HYDRAPHASE HA RICHE 50ML"},"content":{"rendered":"<p>Hydratation intense 72H. Repulpe et ravive l&#8217;\u00e9clat. Peau s\u00e8che \u00e0 tr\u00e8s s\u00e8che.<\/p>\n<p>Probl\u00e8mes cibl\u00e9s:<br \/>\nD\u00e9shydratation de la peau<\/p>\n<p>Disponible dans votre parapharmacie en ligne www.cotepara.ma<\/p>\n<p>Type de peau:<br \/>\nPeaux sensibles<br \/>\nNormales \u00e0 s\u00e8che<br \/>\nConvient aux Peaux sensibles et d\u00e9shydrat\u00e9e<\/p>\n<p>\u00c2ge:<br \/>\n\u00c0 partir de 12 ans<\/p>\n<p>LE NOUVEAU SOIN ISSU DE LA TECHNOLOGIE VERTE.<\/p>\n<p>B\u00c9N\u00c9FICES<br \/>\nCr\u00e8me hydratante visage 72H qui repulpe et restaure l&#8217;\u00e9clat des peaux d\u00e9shydrat\u00e9es. Elle est concentr\u00e9e en Acide Hyaluronique d&#8217;origine naturelle issu de la technologie verte et en Eau Thermale de La Roche-Posay.<\/p>\n<p>INDICATION<br \/>\nPeau sensible, s\u00e8che \u00e0 tr\u00e8s s\u00e8che.<\/p>\n<p>Efficacit\u00e9 test\u00e9e sous contr\u00f4le dermatologique sur plus de 200 personnes.<\/p>\n","protected":false},"excerpt":{"rendered":"<p>Hydratation intense 72H. Repulpe et ravive l&#8217;\u00e9clat. Peau s\u00e8che \u00e0 tr\u00e8s s\u00e8che. Probl\u00e8mes cibl\u00e9s: D\u00e9shydratation de la peau Disponible dans votre parapharmacie en ligne www.cotepara.ma Type de peau: Peaux sensibles Normales \u00e0 s\u00e8che Convient aux Peaux sensibles et d\u00e9shydrat\u00e9e \u00c2ge: \u00c0 partir de 12 ans LE NOUVEAU SOIN ISSU DE LA TECHNOLOGIE VERTE. B\u00c9N\u00c9FICES Cr\u00e8me [&hellip;]<\/p>\n","protected":false},"featured_media":20099,"template":"","meta":[],"product_brand":[174],"product_cat":[15,133],"product_tag":[],"class_list":{"0":"post-20172","1":"product","2":"type-product","3":"status-publish","4":"has-post-thumbnail","6":"product_brand-la-roche-posay","7":"product_cat-tout","8":"product_cat-la-roche-posay","9":"ts_product_brand-la-roche-posay","11":"first","12":"instock","13":"sale","14":"shipping-taxable","15":"purchasable","16":"product-type-simple"},"_links":{"self":[{"href":"https:\/\/para-mirava.ma\/index.php?rest_route=\/wp\/v2\/product\/20172","targetHints":{"allow":["GET"]}}],"collection":[{"href":"https:\/\/para-mirava.ma\/index.php?rest_route=\/wp\/v2\/product"}],"about":[{"href":"https:\/\/para-mirava.ma\/index.php?rest_route=\/wp\/v2\/types\/product"}],"wp:featuredmedia":[{"embeddable":true,"href":"https:\/\/para-mirava.ma\/index.php?rest_route=\/wp\/v2\/media\/20099"}],"wp:attachment":[{"href":"https:\/\/para-mirava.ma\/index.php?rest_route=%2Fwp%2Fv2%2Fmedia&parent=20172"}],"wp:term":[{"taxonomy":"product_brand","embeddable":true,"href":"https:\/\/para-mirava.ma\/index.php?rest_route=%2Fwp%2Fv2%2Fproduct_brand&post=20172"},{"taxonomy":"product_cat","embeddable":true,"href":"https:\/\/para-mirava.ma\/index.php?rest_route=%2Fwp%2Fv2%2Fproduct_cat&post=20172"},{"taxonomy":"product_tag","embeddable":true,"href":"https:\/\/para-mirava.ma\/index.php?rest_route=%2Fwp%2Fv2%2Fproduct_tag&post=20172"}],"curies":[{"name":"wp","href":"https:\/\/api.w.org\/{rel}","templated":true}]}}