{"id":20174,"date":"2026-03-17T17:57:47","date_gmt":"2026-03-17T17:57:47","guid":{"rendered":"https:\/\/para-mirava.ma\/?product=roche-posay-cicaplast-b5-spray-100ml-2"},"modified":"2026-03-17T18:59:45","modified_gmt":"2026-03-17T18:59:45","slug":"roche-posay-cicaplast-b5-spray-100ml-2","status":"publish","type":"product","link":"https:\/\/para-mirava.ma\/?product=roche-posay-cicaplast-b5-spray-100ml-2","title":{"rendered":"ROCHE POSAY CICAPLAST B5 SPRAY 100ML"},"content":{"rendered":"<p>Spray r\u00e9parateur apaisant anti-d\u00e9mangeaisons pour toute la famille.<\/p>\n<p>Ce spray cicatrisant a une texture invisible associant un fort pouvoir r\u00e9parateur de la fonction barri\u00e8re cutan\u00e9e (Madecassoside) avec les propri\u00e9t\u00e9s apaisantes et anti-d\u00e9mangeaisons du Panth\u00e9nol (B5) concentr\u00e9 \u00e0 5% pour un apaisement imm\u00e9diat.<\/p>\n<p>1\/ R\u00c9PARE LA BARRI\u00c8RE CUTAN\u00c9E<br \/>\nFormul\u00e9 \u00e0 partir de Mad\u00e9cassoside, un agent apaisant qui stimule la cicatrisation de la peau, ce spray cicatrisant r\u00e9pare la barri\u00e8re cutan\u00e9e.<\/p>\n<p>2\/ APAISE LES ZONES S\u00c8CHES ET IRRIT\u00c9ES<br \/>\nCe spray r\u00e9parateur apaisant contient du Panth\u00e9nol, \u00e9galement connu sous le nom de vitamine B5 et reconnu pour ses bienfaits apaisants et r\u00e9parateurs pour la peau. Apaisement imm\u00e9diat.<\/p>\n<p>3\/ RESPECTE LE MICROBIOME<br \/>\nSa formule est non ass\u00e8chante et respecte le microbiome cutan\u00e9.<\/p>\n<p>Disponible dans votre parapharmacie en ligne www.cotepara.ma<\/p>\n<p>Apaisement imm\u00e9diat.<\/p>\n<p>Tol\u00e9rance optimale test\u00e9e sous contr\u00f4le dermatologique et ophtalmologique<\/p>\n<p>B\u00c9N\u00c9FICES<br \/>\nSpray r\u00e9parateur apaisant anti-d\u00e9mangeaisons pour les irritations et les \u00e9chauffements de l&#8217;adulte et de l&#8217;enfant. Acc\u00e9l\u00e8re la r\u00e9paration \u00e9pidermique.<\/p>\n<p>INDICATION<br \/>\nPeau fragilis\u00e9e.<\/p>\n<p>D\u00e9mangeaisons, irritations, \u00e9chauffements.<\/p>\n<p>Convient \u00e0 la peau de l&#8217;adulte et de l&#8217;enfant.<\/p>\n","protected":false},"excerpt":{"rendered":"<p>Spray r\u00e9parateur apaisant anti-d\u00e9mangeaisons pour toute la famille. Ce spray cicatrisant a une texture invisible associant un fort pouvoir r\u00e9parateur de la fonction barri\u00e8re cutan\u00e9e (Madecassoside) avec les propri\u00e9t\u00e9s apaisantes et anti-d\u00e9mangeaisons du Panth\u00e9nol (B5) concentr\u00e9 \u00e0 5% pour un apaisement imm\u00e9diat. 1\/ R\u00c9PARE LA BARRI\u00c8RE CUTAN\u00c9E Formul\u00e9 \u00e0 partir de Mad\u00e9cassoside, un agent apaisant [&hellip;]<\/p>\n","protected":false},"featured_media":20103,"template":"","meta":[],"product_brand":[174],"product_cat":[15,133],"product_tag":[],"class_list":{"0":"post-20174","1":"product","2":"type-product","3":"status-publish","4":"has-post-thumbnail","6":"product_brand-la-roche-posay","7":"product_cat-tout","8":"product_cat-la-roche-posay","9":"ts_product_brand-la-roche-posay","11":"first","12":"instock","13":"sale","14":"shipping-taxable","15":"purchasable","16":"product-type-simple"},"_links":{"self":[{"href":"https:\/\/para-mirava.ma\/index.php?rest_route=\/wp\/v2\/product\/20174","targetHints":{"allow":["GET"]}}],"collection":[{"href":"https:\/\/para-mirava.ma\/index.php?rest_route=\/wp\/v2\/product"}],"about":[{"href":"https:\/\/para-mirava.ma\/index.php?rest_route=\/wp\/v2\/types\/product"}],"wp:featuredmedia":[{"embeddable":true,"href":"https:\/\/para-mirava.ma\/index.php?rest_route=\/wp\/v2\/media\/20103"}],"wp:attachment":[{"href":"https:\/\/para-mirava.ma\/index.php?rest_route=%2Fwp%2Fv2%2Fmedia&parent=20174"}],"wp:term":[{"taxonomy":"product_brand","embeddable":true,"href":"https:\/\/para-mirava.ma\/index.php?rest_route=%2Fwp%2Fv2%2Fproduct_brand&post=20174"},{"taxonomy":"product_cat","embeddable":true,"href":"https:\/\/para-mirava.ma\/index.php?rest_route=%2Fwp%2Fv2%2Fproduct_cat&post=20174"},{"taxonomy":"product_tag","embeddable":true,"href":"https:\/\/para-mirava.ma\/index.php?rest_route=%2Fwp%2Fv2%2Fproduct_tag&post=20174"}],"curies":[{"name":"wp","href":"https:\/\/api.w.org\/{rel}","templated":true}]}}