{"id":20180,"date":"2026-03-17T17:57:49","date_gmt":"2026-03-17T17:57:49","guid":{"rendered":"https:\/\/para-mirava.ma\/?product=roche-posay-effaclar-h-iso-biome-creme-40ml-2"},"modified":"2026-03-17T18:59:44","modified_gmt":"2026-03-17T18:59:44","slug":"roche-posay-effaclar-h-iso-biome-creme-40ml-2","status":"publish","type":"product","link":"https:\/\/para-mirava.ma\/?product=roche-posay-effaclar-h-iso-biome-creme-40ml-2","title":{"rendered":"ROCHE POSAY EFFACLAR H ISO BIOME CREME 40ML"},"content":{"rendered":"<p>Apaise la peau fragilis\u00e9e par les traitements anti-acn\u00e9.<\/p>\n<p>B\u00c9N\u00c9FICES<br \/>\nLe Soin R\u00e9parateur Apaisant Anti-Marques Hydratant Longue Dur\u00e9e Effaclar H ISO-BIOME est une cr\u00e8me visage con\u00e7ue pour les peaux fragilis\u00e9es par les soins th\u00e9rapeutiques de l&#8217;acn\u00e9 s\u00e9v\u00e8re, comme la mol\u00e9cule Isotr\u00e9tino\u00efne qui peut rendre la peau s\u00e8che.<\/p>\n<p>Cette cr\u00e8me compensatrice des traitements acn\u00e9 est formul\u00e9e avec des actifs dermatologiques pour apaiser imm\u00e9diatement les irritations et les rougeurs, renforcer la barri\u00e8re cutan\u00e9e et r\u00e9\u00e9quilibrer le microbiome. Son efficacit\u00e9 est durable jusqu&#8217;\u00e0 7 jours apr\u00e8s l&#8217;arr\u00eat de l&#8217;application.<\/p>\n<p>La peau est instantan\u00e9ment confortable et apais\u00e9e, durablement hydrat\u00e9e. Les imperfections diminuent au fur et \u00e0 mesure des applications.<\/p>\n<p>Disponible dans votre parapharmacie en ligne www.cotepara.ma<\/p>\n<p>INDICATION<br \/>\nCette cr\u00e8me peau s\u00e8che \u00e0 imperfections est indiqu\u00e9e pour r\u00e9parer, hydrater et apaiser les peaux fragilis\u00e9es et sensibilis\u00e9es \u00e0 cause d&#8217;un traitement contre l&#8217;acn\u00e9.<\/p>\n","protected":false},"excerpt":{"rendered":"<p>Apaise la peau fragilis\u00e9e par les traitements anti-acn\u00e9. B\u00c9N\u00c9FICES Le Soin R\u00e9parateur Apaisant Anti-Marques Hydratant Longue Dur\u00e9e Effaclar H ISO-BIOME est une cr\u00e8me visage con\u00e7ue pour les peaux fragilis\u00e9es par les soins th\u00e9rapeutiques de l&#8217;acn\u00e9 s\u00e9v\u00e8re, comme la mol\u00e9cule Isotr\u00e9tino\u00efne qui peut rendre la peau s\u00e8che. Cette cr\u00e8me compensatrice des traitements acn\u00e9 est formul\u00e9e avec [&hellip;]<\/p>\n","protected":false},"featured_media":20115,"template":"","meta":[],"product_brand":[174],"product_cat":[15,133],"product_tag":[],"class_list":{"0":"post-20180","1":"product","2":"type-product","3":"status-publish","4":"has-post-thumbnail","6":"product_brand-la-roche-posay","7":"product_cat-tout","8":"product_cat-la-roche-posay","9":"ts_product_brand-la-roche-posay","11":"first","12":"instock","13":"sale","14":"shipping-taxable","15":"purchasable","16":"product-type-simple"},"_links":{"self":[{"href":"https:\/\/para-mirava.ma\/index.php?rest_route=\/wp\/v2\/product\/20180","targetHints":{"allow":["GET"]}}],"collection":[{"href":"https:\/\/para-mirava.ma\/index.php?rest_route=\/wp\/v2\/product"}],"about":[{"href":"https:\/\/para-mirava.ma\/index.php?rest_route=\/wp\/v2\/types\/product"}],"wp:featuredmedia":[{"embeddable":true,"href":"https:\/\/para-mirava.ma\/index.php?rest_route=\/wp\/v2\/media\/20115"}],"wp:attachment":[{"href":"https:\/\/para-mirava.ma\/index.php?rest_route=%2Fwp%2Fv2%2Fmedia&parent=20180"}],"wp:term":[{"taxonomy":"product_brand","embeddable":true,"href":"https:\/\/para-mirava.ma\/index.php?rest_route=%2Fwp%2Fv2%2Fproduct_brand&post=20180"},{"taxonomy":"product_cat","embeddable":true,"href":"https:\/\/para-mirava.ma\/index.php?rest_route=%2Fwp%2Fv2%2Fproduct_cat&post=20180"},{"taxonomy":"product_tag","embeddable":true,"href":"https:\/\/para-mirava.ma\/index.php?rest_route=%2Fwp%2Fv2%2Fproduct_tag&post=20180"}],"curies":[{"name":"wp","href":"https:\/\/api.w.org\/{rel}","templated":true}]}}