{"id":20185,"date":"2026-03-17T17:57:50","date_gmt":"2026-03-17T17:57:50","guid":{"rendered":"https:\/\/para-mirava.ma\/?product=roche-posay-toleriane-rosaliac-ar-40ml-2"},"modified":"2026-03-17T18:59:44","modified_gmt":"2026-03-17T18:59:44","slug":"roche-posay-toleriane-rosaliac-ar-40ml-2","status":"publish","type":"product","link":"https:\/\/para-mirava.ma\/?product=roche-posay-toleriane-rosaliac-ar-40ml-2","title":{"rendered":"ROCHE POSAY TOLERIANE ROSALIAC AR 40ML"},"content":{"rendered":"<p>Toleriane Rosaliac AR Concentr\u00e9 R\u00e9sorbe les rougeurs \u00e0 la source et pr\u00e9vient leur r\u00e9apparition. Apaise imm\u00e9diatement les \u00e9chauffements et les sensations d&#8217;inconfort.<\/p>\n<p>Probl\u00e8mes cibl\u00e9s:<br \/>\nRougeurs<br \/>\nCouperoses<\/p>\n<p>Disponible dans votre parapharmacie en ligne www.cotepara.ma<\/p>\n<p>Type de peau:<br \/>\nPeaux sensibles et fragilis\u00e9es \u00e0 tendance couperosique<\/p>\n<p>\u00c2ge:<br \/>\nD\u00e8s 7 ans<\/p>\n<p>INDICATION<br \/>\nPeaux sensibles et fragilis\u00e9es \u00e0 tendance couperosique \/ souffrant de rosac\u00e9e.<\/p>\n","protected":false},"excerpt":{"rendered":"<p>Toleriane Rosaliac AR Concentr\u00e9 R\u00e9sorbe les rougeurs \u00e0 la source et pr\u00e9vient leur r\u00e9apparition. Apaise imm\u00e9diatement les \u00e9chauffements et les sensations d&#8217;inconfort. Probl\u00e8mes cibl\u00e9s: Rougeurs Couperoses Disponible dans votre parapharmacie en ligne www.cotepara.ma Type de peau: Peaux sensibles et fragilis\u00e9es \u00e0 tendance couperosique \u00c2ge: D\u00e8s 7 ans INDICATION Peaux sensibles et fragilis\u00e9es \u00e0 tendance couperosique [&hellip;]<\/p>\n","protected":false},"featured_media":20125,"template":"","meta":[],"product_brand":[174],"product_cat":[15,133],"product_tag":[],"class_list":{"0":"post-20185","1":"product","2":"type-product","3":"status-publish","4":"has-post-thumbnail","6":"product_brand-la-roche-posay","7":"product_cat-tout","8":"product_cat-la-roche-posay","9":"ts_product_brand-la-roche-posay","11":"first","12":"instock","13":"sale","14":"shipping-taxable","15":"purchasable","16":"product-type-simple"},"_links":{"self":[{"href":"https:\/\/para-mirava.ma\/index.php?rest_route=\/wp\/v2\/product\/20185","targetHints":{"allow":["GET"]}}],"collection":[{"href":"https:\/\/para-mirava.ma\/index.php?rest_route=\/wp\/v2\/product"}],"about":[{"href":"https:\/\/para-mirava.ma\/index.php?rest_route=\/wp\/v2\/types\/product"}],"wp:featuredmedia":[{"embeddable":true,"href":"https:\/\/para-mirava.ma\/index.php?rest_route=\/wp\/v2\/media\/20125"}],"wp:attachment":[{"href":"https:\/\/para-mirava.ma\/index.php?rest_route=%2Fwp%2Fv2%2Fmedia&parent=20185"}],"wp:term":[{"taxonomy":"product_brand","embeddable":true,"href":"https:\/\/para-mirava.ma\/index.php?rest_route=%2Fwp%2Fv2%2Fproduct_brand&post=20185"},{"taxonomy":"product_cat","embeddable":true,"href":"https:\/\/para-mirava.ma\/index.php?rest_route=%2Fwp%2Fv2%2Fproduct_cat&post=20185"},{"taxonomy":"product_tag","embeddable":true,"href":"https:\/\/para-mirava.ma\/index.php?rest_route=%2Fwp%2Fv2%2Fproduct_tag&post=20185"}],"curies":[{"name":"wp","href":"https:\/\/api.w.org\/{rel}","templated":true}]}}