{"id":20209,"date":"2026-03-17T17:58:03","date_gmt":"2026-03-17T17:58:03","guid":{"rendered":"https:\/\/para-mirava.ma\/?product=roche-posay-lipikar-lait-urea-10-200ml"},"modified":"2026-03-17T18:59:42","modified_gmt":"2026-03-17T18:59:42","slug":"roche-posay-lipikar-lait-urea-10-200ml","status":"publish","type":"product","link":"https:\/\/para-mirava.ma\/?product=roche-posay-lipikar-lait-urea-10-200ml","title":{"rendered":"ROCHE POSAY LIPIKAR LAIT UREA 10% 200ML"},"content":{"rendered":"<p>ROCHE POSAY LIPIKAR LAIT UREA 10% 200ML est un lait corporel hydratant formul\u00e9 avec 10% d&#8217;ur\u00e9e pour les peaux tr\u00e8s s\u00e8ches, rugueuses et sujettes aux squames. Il aide \u00e0 restaurer la barri\u00e8re cutan\u00e9e, \u00e0 apaiser les irritations et \u00e0 r\u00e9duire les sensations de tiraillement. Ce produit est id\u00e9al pour les peaux sensibles et convient aux adultes et aux enfants.<\/p>\n","protected":false},"excerpt":{"rendered":"<p>ROCHE POSAY LIPIKAR LAIT UREA 10% 200ML est un lait corporel hydratant formul\u00e9 avec 10% d&#8217;ur\u00e9e pour les peaux tr\u00e8s s\u00e8ches, rugueuses et sujettes aux squames. Il aide \u00e0 restaurer la barri\u00e8re cutan\u00e9e, \u00e0 apaiser les irritations et \u00e0 r\u00e9duire les sensations de tiraillement. Ce produit est id\u00e9al pour les peaux sensibles et convient aux [&hellip;]<\/p>\n","protected":false},"featured_media":20208,"template":"","meta":[],"product_brand":[174],"product_cat":[15,133],"product_tag":[],"class_list":{"0":"post-20209","1":"product","2":"type-product","3":"status-publish","4":"has-post-thumbnail","6":"product_brand-la-roche-posay","7":"product_cat-tout","8":"product_cat-la-roche-posay","9":"ts_product_brand-la-roche-posay","11":"first","12":"instock","13":"sale","14":"shipping-taxable","15":"purchasable","16":"product-type-simple"},"_links":{"self":[{"href":"https:\/\/para-mirava.ma\/index.php?rest_route=\/wp\/v2\/product\/20209","targetHints":{"allow":["GET"]}}],"collection":[{"href":"https:\/\/para-mirava.ma\/index.php?rest_route=\/wp\/v2\/product"}],"about":[{"href":"https:\/\/para-mirava.ma\/index.php?rest_route=\/wp\/v2\/types\/product"}],"wp:featuredmedia":[{"embeddable":true,"href":"https:\/\/para-mirava.ma\/index.php?rest_route=\/wp\/v2\/media\/20208"}],"wp:attachment":[{"href":"https:\/\/para-mirava.ma\/index.php?rest_route=%2Fwp%2Fv2%2Fmedia&parent=20209"}],"wp:term":[{"taxonomy":"product_brand","embeddable":true,"href":"https:\/\/para-mirava.ma\/index.php?rest_route=%2Fwp%2Fv2%2Fproduct_brand&post=20209"},{"taxonomy":"product_cat","embeddable":true,"href":"https:\/\/para-mirava.ma\/index.php?rest_route=%2Fwp%2Fv2%2Fproduct_cat&post=20209"},{"taxonomy":"product_tag","embeddable":true,"href":"https:\/\/para-mirava.ma\/index.php?rest_route=%2Fwp%2Fv2%2Fproduct_tag&post=20209"}],"curies":[{"name":"wp","href":"https:\/\/api.w.org\/{rel}","templated":true}]}}