{"id":20217,"date":"2026-03-17T17:58:06","date_gmt":"2026-03-17T17:58:06","guid":{"rendered":"https:\/\/para-mirava.ma\/?product=roche-posay-anthelios-uvmune-400-dermo-pediatrics-fluide-spf50-50ml"},"modified":"2026-03-17T18:59:42","modified_gmt":"2026-03-17T18:59:42","slug":"roche-posay-anthelios-uvmune-400-dermo-pediatrics-fluide-spf50-50ml","status":"publish","type":"product","link":"https:\/\/para-mirava.ma\/?product=roche-posay-anthelios-uvmune-400-dermo-pediatrics-fluide-spf50-50ml","title":{"rendered":"ROCHE POSAY ANTHELIOS UVMUNE 400 DERMO-PEDIATRICS FLUIDE SPF50+ 50ML"},"content":{"rendered":"<p>ANTHELIOS UV MUNE 400 Dermo-Pediatrics fluide solaire tr\u00e8s haute protection \u00e0 large spectre contre les UVA\/UVB &#038; UVA ultra-longs. Tr\u00e8s r\u00e9sistant \u00e0 l&#8217;eau, au sable et \u00e0 la transpiration. Sans parfum, texture l\u00e9g\u00e8re.<\/p>\n<p>Prot\u00e8ge des dommages cellulaires profonds gr\u00e2ce \u00e0 notre meilleur filtre UV : Mexoryl 400. Notre filtre le plus efficace contre les UV les plus insidieux [380-400NM] UVA ULTRA-LONGS: Ils sont imperceptibles et dommageables, repr\u00e9sentent 30% des rayons UV impactant notre peau toute l&#8217;ann\u00e9e.<\/p>\n<p>Efficacit\u00e9 cliniquement prouv\u00e9e, formule test\u00e9e sous contr\u00f4le dermatologique et p\u00e9diatrique :<\/p>\n<p>All\u00e9g\u00e9e en filtres chimiques :<\/p>\n<p>Prot\u00e8ge des dommages cellulaires profonds gr\u00e2ce \u00e0 notre meilleur filtre UV : Mexoryl 400. Notre filtre le plus efficace contre les UV les plus insidieux [380-400NM] UVA ULTRA-LONGS : Ils sont imperceptibles et dommageables, repr\u00e9sentent 30% des rayons UV impactant notre peau toute l&#8217;ann\u00e9e.<\/p>\n<p>Enrichi en Vitamines E aux propri\u00e9t\u00e9s antioxydantes pour combattre les radicaux libres;<\/p>\n<p>Enrichi en beurre de karit\u00e9 pour restaurer le film hydrolipidique de la peau. &#8212; Pr\u00e9serve les d\u00e9fenses naturelles de la peau.<\/p>\n<p>Disponible dans votre parapharmacie en ligne www.cotepara.ma<\/p>\n","protected":false},"excerpt":{"rendered":"<p>ANTHELIOS UV MUNE 400 Dermo-Pediatrics fluide solaire tr\u00e8s haute protection \u00e0 large spectre contre les UVA\/UVB &#038; UVA ultra-longs. Tr\u00e8s r\u00e9sistant \u00e0 l&#8217;eau, au sable et \u00e0 la transpiration. Sans parfum, texture l\u00e9g\u00e8re. Prot\u00e8ge des dommages cellulaires profonds gr\u00e2ce \u00e0 notre meilleur filtre UV : Mexoryl 400. Notre filtre le plus efficace contre les UV [&hellip;]<\/p>\n","protected":false},"featured_media":20216,"template":"","meta":[],"product_brand":[174],"product_cat":[15,133],"product_tag":[],"class_list":{"0":"post-20217","1":"product","2":"type-product","3":"status-publish","4":"has-post-thumbnail","6":"product_brand-la-roche-posay","7":"product_cat-tout","8":"product_cat-la-roche-posay","9":"ts_product_brand-la-roche-posay","11":"first","12":"instock","13":"sale","14":"shipping-taxable","15":"purchasable","16":"product-type-simple"},"_links":{"self":[{"href":"https:\/\/para-mirava.ma\/index.php?rest_route=\/wp\/v2\/product\/20217","targetHints":{"allow":["GET"]}}],"collection":[{"href":"https:\/\/para-mirava.ma\/index.php?rest_route=\/wp\/v2\/product"}],"about":[{"href":"https:\/\/para-mirava.ma\/index.php?rest_route=\/wp\/v2\/types\/product"}],"wp:featuredmedia":[{"embeddable":true,"href":"https:\/\/para-mirava.ma\/index.php?rest_route=\/wp\/v2\/media\/20216"}],"wp:attachment":[{"href":"https:\/\/para-mirava.ma\/index.php?rest_route=%2Fwp%2Fv2%2Fmedia&parent=20217"}],"wp:term":[{"taxonomy":"product_brand","embeddable":true,"href":"https:\/\/para-mirava.ma\/index.php?rest_route=%2Fwp%2Fv2%2Fproduct_brand&post=20217"},{"taxonomy":"product_cat","embeddable":true,"href":"https:\/\/para-mirava.ma\/index.php?rest_route=%2Fwp%2Fv2%2Fproduct_cat&post=20217"},{"taxonomy":"product_tag","embeddable":true,"href":"https:\/\/para-mirava.ma\/index.php?rest_route=%2Fwp%2Fv2%2Fproduct_tag&post=20217"}],"curies":[{"name":"wp","href":"https:\/\/api.w.org\/{rel}","templated":true}]}}